{"id":343,"date":"2021-04-18T21:23:39","date_gmt":"2021-04-18T21:23:39","guid":{"rendered":"http:\/\/memoriamslufrgs.online\/noescurinhodocinema\/?page_id=343"},"modified":"2021-04-19T19:52:15","modified_gmt":"2021-04-19T22:52:15","slug":"cine-quiz","status":"publish","type":"page","link":"https:\/\/memoriamslufrgs.online\/noescurinhodocinema\/cine-quiz\/","title":{"rendered":"Cine Quiz"},"content":{"rendered":"<p style=\"text-align: center;\">Quer relembrar e conhecer mais alguns detalhes da exposi\u00e7\u00e3o \u201cNo escurinho do cinema: mem\u00f3ria e sociabilidade em Porto Alegre\u201d? Ent\u00e3o responda \u00e0s perguntas e veja sua pontua\u00e7\u00e3o.<\/p>\n","protected":false},"excerpt":{"rendered":"<p>Quer relembrar e conhecer mais alguns detalhes da exposi\u00e7\u00e3o \u201cNo escurinho do cinema: mem\u00f3ria e sociabilidade em Porto Alegre\u201d? Ent\u00e3o responda \u00e0s perguntas e veja sua pontua\u00e7\u00e3o.<\/p>\n","protected":false},"author":1,"featured_media":0,"parent":0,"menu_order":0,"comment_status":"closed","ping_status":"closed","template":"","meta":{"_acf_changed":false,"yasr_overall_rating":0,"yasr_post_is_review":"","yasr_auto_insert_disabled":"","yasr_review_type":"","footnotes":""},"acf":[],"yoast_head":"<!-- This site is optimized with the Yoast SEO plugin v22.0 - https:\/\/yoast.com\/wordpress\/plugins\/seo\/ -->\n<title>Cine Quiz - No Escurinho do Cinema<\/title>\n<meta name=\"robots\" content=\"index, follow, max-snippet:-1, max-image-preview:large, max-video-preview:-1\" \/>\n<link rel=\"canonical\" href=\"https:\/\/memoriamslufrgs.online\/noescurinhodocinema\/cine-quiz\/\" \/>\n<meta property=\"og:locale\" content=\"pt_BR\" \/>\n<meta property=\"og:type\" content=\"article\" \/>\n<meta property=\"og:title\" content=\"Cine Quiz - No Escurinho do Cinema\" \/>\n<meta property=\"og:description\" content=\"Quer relembrar e conhecer mais alguns detalhes da exposi\u00e7\u00e3o \u201cNo escurinho do cinema: mem\u00f3ria e sociabilidade em Porto Alegre\u201d? Ent\u00e3o responda \u00e0s perguntas e veja sua pontua\u00e7\u00e3o.\" \/>\n<meta property=\"og:url\" content=\"https:\/\/memoriamslufrgs.online\/noescurinhodocinema\/cine-quiz\/\" \/>\n<meta property=\"og:site_name\" content=\"No Escurinho do Cinema\" \/>\n<meta property=\"article:publisher\" content=\"https:\/\/www.facebook.com\/exponoescurinhodocinema\" \/>\n<meta property=\"article:modified_time\" content=\"2021-04-19T22:52:15+00:00\" \/>\n<meta property=\"og:image\" content=\"https:\/\/memoriamslufrgs.online\/noescurinhodocinema\/wp-content\/uploads\/2021\/04\/ID-VISUAL-expovirtualcinema-COR.png\" \/>\n\t<meta property=\"og:image:width\" content=\"4742\" \/>\n\t<meta property=\"og:image:height\" content=\"3445\" \/>\n\t<meta property=\"og:image:type\" content=\"image\/png\" \/>\n<meta name=\"twitter:card\" content=\"summary_large_image\" \/>\n<script type=\"application\/ld+json\" class=\"yoast-schema-graph\">{\"@context\":\"https:\/\/schema.org\",\"@graph\":[{\"@type\":\"WebPage\",\"@id\":\"https:\/\/memoriamslufrgs.online\/noescurinhodocinema\/cine-quiz\/\",\"url\":\"https:\/\/memoriamslufrgs.online\/noescurinhodocinema\/cine-quiz\/\",\"name\":\"Cine Quiz - No Escurinho do Cinema\",\"isPartOf\":{\"@id\":\"https:\/\/memoriamslufrgs.online\/noescurinhodocinema\/#website\"},\"datePublished\":\"2021-04-18T21:23:39+00:00\",\"dateModified\":\"2021-04-19T22:52:15+00:00\",\"breadcrumb\":{\"@id\":\"https:\/\/memoriamslufrgs.online\/noescurinhodocinema\/cine-quiz\/#breadcrumb\"},\"inLanguage\":\"pt-BR\",\"potentialAction\":[{\"@type\":\"ReadAction\",\"target\":[\"https:\/\/memoriamslufrgs.online\/noescurinhodocinema\/cine-quiz\/\"]}]},{\"@type\":\"BreadcrumbList\",\"@id\":\"https:\/\/memoriamslufrgs.online\/noescurinhodocinema\/cine-quiz\/#breadcrumb\",\"itemListElement\":[{\"@type\":\"ListItem\",\"position\":1,\"name\":\"In\u00edcio\",\"item\":\"https:\/\/memoriamslufrgs.online\/noescurinhodocinema\/\"},{\"@type\":\"ListItem\",\"position\":2,\"name\":\"Cine Quiz\"}]},{\"@type\":\"WebSite\",\"@id\":\"https:\/\/memoriamslufrgs.online\/noescurinhodocinema\/#website\",\"url\":\"https:\/\/memoriamslufrgs.online\/noescurinhodocinema\/\",\"name\":\"No Escurinho do Cinema\",\"description\":\"Exposi\u00e7\u00e3o virtual do curso de Museologia\/UFRGS\",\"publisher\":{\"@id\":\"https:\/\/memoriamslufrgs.online\/noescurinhodocinema\/#organization\"},\"potentialAction\":[{\"@type\":\"SearchAction\",\"target\":{\"@type\":\"EntryPoint\",\"urlTemplate\":\"https:\/\/memoriamslufrgs.online\/noescurinhodocinema\/?s={search_term_string}\"},\"query-input\":\"required name=search_term_string\"}],\"inLanguage\":\"pt-BR\"},{\"@type\":\"Organization\",\"@id\":\"https:\/\/memoriamslufrgs.online\/noescurinhodocinema\/#organization\",\"name\":\"No Escurinho do Cinema: mem\u00f3ria e sociabilidade em Porto Alegre\",\"url\":\"https:\/\/memoriamslufrgs.online\/noescurinhodocinema\/\",\"logo\":{\"@type\":\"ImageObject\",\"inLanguage\":\"pt-BR\",\"@id\":\"https:\/\/memoriamslufrgs.online\/noescurinhodocinema\/#\/schema\/logo\/image\/\",\"url\":\"https:\/\/memoriamslufrgs.online\/noescurinhodocinema\/wp-content\/uploads\/2021\/04\/ID-VISUAL-expovirtualcinema-COR.png\",\"contentUrl\":\"https:\/\/memoriamslufrgs.online\/noescurinhodocinema\/wp-content\/uploads\/2021\/04\/ID-VISUAL-expovirtualcinema-COR.png\",\"width\":4742,\"height\":3445,\"caption\":\"No Escurinho do Cinema: mem\u00f3ria e sociabilidade em Porto Alegre\"},\"image\":{\"@id\":\"https:\/\/memoriamslufrgs.online\/noescurinhodocinema\/#\/schema\/logo\/image\/\"},\"sameAs\":[\"https:\/\/www.facebook.com\/exponoescurinhodocinema\",\"https:\/\/www.instagram.com\/expocine_escurinho\/\"]},false]}<\/script>\n<!-- \/ Yoast SEO plugin. -->","yoast_head_json":{"title":"Cine Quiz - No Escurinho do Cinema","robots":{"index":"index","follow":"follow","max-snippet":"max-snippet:-1","max-image-preview":"max-image-preview:large","max-video-preview":"max-video-preview:-1"},"canonical":"https:\/\/memoriamslufrgs.online\/noescurinhodocinema\/cine-quiz\/","og_locale":"pt_BR","og_type":"article","og_title":"Cine Quiz - No Escurinho do Cinema","og_description":"Quer relembrar e conhecer mais alguns detalhes da exposi\u00e7\u00e3o \u201cNo escurinho do cinema: mem\u00f3ria e sociabilidade em Porto Alegre\u201d? Ent\u00e3o responda \u00e0s perguntas e veja sua pontua\u00e7\u00e3o.","og_url":"https:\/\/memoriamslufrgs.online\/noescurinhodocinema\/cine-quiz\/","og_site_name":"No Escurinho do Cinema","article_publisher":"https:\/\/www.facebook.com\/exponoescurinhodocinema","article_modified_time":"2021-04-19T22:52:15+00:00","og_image":[{"width":4742,"height":3445,"url":"https:\/\/memoriamslufrgs.online\/noescurinhodocinema\/wp-content\/uploads\/2021\/04\/ID-VISUAL-expovirtualcinema-COR.png","type":"image\/png"}],"twitter_card":"summary_large_image","schema":{"@context":"https:\/\/schema.org","@graph":[{"@type":"WebPage","@id":"https:\/\/memoriamslufrgs.online\/noescurinhodocinema\/cine-quiz\/","url":"https:\/\/memoriamslufrgs.online\/noescurinhodocinema\/cine-quiz\/","name":"Cine Quiz - No Escurinho do Cinema","isPartOf":{"@id":"https:\/\/memoriamslufrgs.online\/noescurinhodocinema\/#website"},"datePublished":"2021-04-18T21:23:39+00:00","dateModified":"2021-04-19T22:52:15+00:00","breadcrumb":{"@id":"https:\/\/memoriamslufrgs.online\/noescurinhodocinema\/cine-quiz\/#breadcrumb"},"inLanguage":"pt-BR","potentialAction":[{"@type":"ReadAction","target":["https:\/\/memoriamslufrgs.online\/noescurinhodocinema\/cine-quiz\/"]}]},{"@type":"BreadcrumbList","@id":"https:\/\/memoriamslufrgs.online\/noescurinhodocinema\/cine-quiz\/#breadcrumb","itemListElement":[{"@type":"ListItem","position":1,"name":"In\u00edcio","item":"https:\/\/memoriamslufrgs.online\/noescurinhodocinema\/"},{"@type":"ListItem","position":2,"name":"Cine Quiz"}]},{"@type":"WebSite","@id":"https:\/\/memoriamslufrgs.online\/noescurinhodocinema\/#website","url":"https:\/\/memoriamslufrgs.online\/noescurinhodocinema\/","name":"No Escurinho do Cinema","description":"Exposi\u00e7\u00e3o virtual do curso de Museologia\/UFRGS","publisher":{"@id":"https:\/\/memoriamslufrgs.online\/noescurinhodocinema\/#organization"},"potentialAction":[{"@type":"SearchAction","target":{"@type":"EntryPoint","urlTemplate":"https:\/\/memoriamslufrgs.online\/noescurinhodocinema\/?s={search_term_string}"},"query-input":"required name=search_term_string"}],"inLanguage":"pt-BR"},{"@type":"Organization","@id":"https:\/\/memoriamslufrgs.online\/noescurinhodocinema\/#organization","name":"No Escurinho do Cinema: mem\u00f3ria e sociabilidade em Porto Alegre","url":"https:\/\/memoriamslufrgs.online\/noescurinhodocinema\/","logo":{"@type":"ImageObject","inLanguage":"pt-BR","@id":"https:\/\/memoriamslufrgs.online\/noescurinhodocinema\/#\/schema\/logo\/image\/","url":"https:\/\/memoriamslufrgs.online\/noescurinhodocinema\/wp-content\/uploads\/2021\/04\/ID-VISUAL-expovirtualcinema-COR.png","contentUrl":"https:\/\/memoriamslufrgs.online\/noescurinhodocinema\/wp-content\/uploads\/2021\/04\/ID-VISUAL-expovirtualcinema-COR.png","width":4742,"height":3445,"caption":"No Escurinho do Cinema: mem\u00f3ria e sociabilidade em Porto Alegre"},"image":{"@id":"https:\/\/memoriamslufrgs.online\/noescurinhodocinema\/#\/schema\/logo\/image\/"},"sameAs":["https:\/\/www.facebook.com\/exponoescurinhodocinema","https:\/\/www.instagram.com\/expocine_escurinho\/"]},false]}},"yasr_visitor_votes":{"stars_attributes":{"read_only":false,"span_bottom":false},"number_of_votes":0,"sum_votes":0},"_links":{"self":[{"href":"https:\/\/memoriamslufrgs.online\/noescurinhodocinema\/wp-json\/wp\/v2\/pages\/343"}],"collection":[{"href":"https:\/\/memoriamslufrgs.online\/noescurinhodocinema\/wp-json\/wp\/v2\/pages"}],"about":[{"href":"https:\/\/memoriamslufrgs.online\/noescurinhodocinema\/wp-json\/wp\/v2\/types\/page"}],"author":[{"embeddable":true,"href":"https:\/\/memoriamslufrgs.online\/noescurinhodocinema\/wp-json\/wp\/v2\/users\/1"}],"replies":[{"embeddable":true,"href":"https:\/\/memoriamslufrgs.online\/noescurinhodocinema\/wp-json\/wp\/v2\/comments?post=343"}],"version-history":[{"count":6,"href":"https:\/\/memoriamslufrgs.online\/noescurinhodocinema\/wp-json\/wp\/v2\/pages\/343\/revisions"}],"predecessor-version":[{"id":368,"href":"https:\/\/memoriamslufrgs.online\/noescurinhodocinema\/wp-json\/wp\/v2\/pages\/343\/revisions\/368"}],"wp:attachment":[{"href":"https:\/\/memoriamslufrgs.online\/noescurinhodocinema\/wp-json\/wp\/v2\/media?parent=343"}],"curies":[{"name":"wp","href":"https:\/\/api.w.org\/{rel}","templated":true}]}}