{"id":5108,"date":"2018-12-12T13:57:34","date_gmt":"2018-12-12T15:57:34","guid":{"rendered":"http:\/\/memoriamslufrgs.online\/tainacan\/?page_id=5108"},"modified":"2023-09-17T13:05:15","modified_gmt":"2023-09-17T16:05:15","slug":"eventos","status":"publish","type":"page","link":"https:\/\/memoriamslufrgs.online\/tainacan\/colecao\/eventos\/","title":{"rendered":"Eventos"},"content":{"rendered":"<p>A <strong>cole\u00e7\u00e3o<a href=\"https:\/\/memoriamslufrgs.online\/tainacan\/eventos\/?order=ASC&amp;orderby=date&amp;view_mode=table&amp;perpage=12&amp;paged=1&amp;fetch_only=thumbnail&amp;fetch_only_meta=4188%2C4186%2C4246%2C4178%2C4172%2C4170\"> <em>Eventos <\/em>(MSL5)<\/a><\/strong> compreende registros dos eventos produzidos pelo Curso de Bacharelado em Museologia e Programa de P\u00f3s-Gradua\u00e7\u00e3o em Museologia e Patrim\u00f4nio da UFRGS. Materiais gr\u00e1ficos gerados para a realiza\u00e7\u00e3o das iniciativas, registros fotogr\u00e1ficos, m\u00eddias digitais, souvenir e documentos de representa\u00e7\u00e3o sobre eventos regionais, nacionais e internacionais s\u00e3o algumas das evid\u00eancias preservadas nessa cole\u00e7\u00e3o.<\/p>\n<p>A primeira subcole\u00e7\u00e3o, intitulada <a href=\"https:\/\/memoriamslufrgs.online\/tainacan\/eventos\/?order=ASC&amp;orderby=date&amp;view_mode=table&amp;perpage=12&amp;paged=1&amp;fetch_only=thumbnail&amp;fetch_only_meta=4188%2C4186%2C4246%2C4178%2C4172%2C4170&amp;taxquery%5B0%5D%5Btaxonomy%5D=tnc_tax_4197&amp;taxquery%5B0%5D%5Bterms%5D%5B0%5D=946&amp;taxquery%5B0%5D%5Bcompare%5D=IN\">MSL5.1 SEBRAMUS<\/a>, compreende a quinta edi\u00e7\u00e3o do Semin\u00e1rio Brasileiro de Museologia, realizada em 2022 na Faculdade de Biblioteconomia e Comunica\u00e7\u00e3o da Universidade Federal do Rio Grande do Sul (FABICO\/UFRHS), tendo por comiss\u00e3o local integrantes do Curso de Bacharelado em Museologia e do Programa de P\u00f3s-Gradua\u00e7\u00e3o em Museologia e Patrim\u00f4nio da UFRGS.<\/p>\n","protected":false},"excerpt":{"rendered":"<p>A cole\u00e7\u00e3o Eventos (MSL5) compreende registros dos eventos produzidos pelo Curso de Bacharelado em Museologia e Programa de P\u00f3s-Gradua\u00e7\u00e3o em Museologia e Patrim\u00f4nio da UFRGS. Materiais gr\u00e1ficos gerados para a realiza\u00e7\u00e3o das iniciativas, registros fotogr\u00e1ficos, m\u00eddias digitais, souvenir e documentos de representa\u00e7\u00e3o sobre eventos regionais, nacionais e internacionais s\u00e3o algumas das evid\u00eancias preservadas nessa cole\u00e7\u00e3o. [&hellip;]<\/p>\n","protected":false},"author":10,"featured_media":0,"parent":5061,"menu_order":0,"comment_status":"closed","ping_status":"closed","template":"","meta":{"_monsterinsights_skip_tracking":false,"_monsterinsights_sitenote_active":false,"_monsterinsights_sitenote_note":"","_monsterinsights_sitenote_category":0,"footnotes":""},"class_list":["post-5108","page","type-page","status-publish","hentry"],"aioseo_notices":[],"_links":{"self":[{"href":"https:\/\/memoriamslufrgs.online\/tainacan\/wp-json\/wp\/v2\/pages\/5108","targetHints":{"allow":["GET"]}}],"collection":[{"href":"https:\/\/memoriamslufrgs.online\/tainacan\/wp-json\/wp\/v2\/pages"}],"about":[{"href":"https:\/\/memoriamslufrgs.online\/tainacan\/wp-json\/wp\/v2\/types\/page"}],"author":[{"embeddable":true,"href":"https:\/\/memoriamslufrgs.online\/tainacan\/wp-json\/wp\/v2\/users\/10"}],"replies":[{"embeddable":true,"href":"https:\/\/memoriamslufrgs.online\/tainacan\/wp-json\/wp\/v2\/comments?post=5108"}],"version-history":[{"count":10,"href":"https:\/\/memoriamslufrgs.online\/tainacan\/wp-json\/wp\/v2\/pages\/5108\/revisions"}],"predecessor-version":[{"id":54555,"href":"https:\/\/memoriamslufrgs.online\/tainacan\/wp-json\/wp\/v2\/pages\/5108\/revisions\/54555"}],"up":[{"embeddable":true,"href":"https:\/\/memoriamslufrgs.online\/tainacan\/wp-json\/wp\/v2\/pages\/5061"}],"wp:attachment":[{"href":"https:\/\/memoriamslufrgs.online\/tainacan\/wp-json\/wp\/v2\/media?parent=5108"}],"curies":[{"name":"wp","href":"https:\/\/api.w.org\/{rel}","templated":true}]}}