{"id":59013,"date":"2023-11-24T17:47:14","date_gmt":"2023-11-24T20:47:14","guid":{"rendered":"https:\/\/memoriamslufrgs.online\/tainacan\/?post_type=tnc_col_4201_item&#038;p=59013"},"modified":"2024-03-16T17:55:39","modified_gmt":"2024-03-16T20:55:39","slug":"59013-2","status":"publish","type":"tnc_col_4201_item","link":"https:\/\/memoriamslufrgs.online\/tainacan\/pesquisa-e-extensao\/59013-2\/","title":{"rendered":"C\u00f3pia digital de fotografia inaugura\u00e7\u00e3o Bar Venezianos Nega L\u00fa: um frenesi na maldita Porto Alegre"},"content":{"rendered":"","protected":false},"featured_media":59025,"parent":0,"menu_order":0,"comment_status":"closed","ping_status":"closed","template":"","format":"standard","class_list":["post-59013","tnc_col_4201_item","type-tnc_col_4201_item","status-publish","format-standard","has-post-thumbnail","hentry","tnc_tax_3325-curadoria-compartilhada-nuances-e-museologia-ufrgs"],"aioseo_notices":[],"_links":{"self":[{"href":"https:\/\/memoriamslufrgs.online\/tainacan\/wp-json\/wp\/v2\/tnc_col_4201_item\/59013","targetHints":{"allow":["GET"]}}],"collection":[{"href":"https:\/\/memoriamslufrgs.online\/tainacan\/wp-json\/wp\/v2\/tnc_col_4201_item"}],"about":[{"href":"https:\/\/memoriamslufrgs.online\/tainacan\/wp-json\/wp\/v2\/types\/tnc_col_4201_item"}],"replies":[{"embeddable":true,"href":"https:\/\/memoriamslufrgs.online\/tainacan\/wp-json\/wp\/v2\/comments?post=59013"}],"version-history":[{"count":2,"href":"https:\/\/memoriamslufrgs.online\/tainacan\/wp-json\/wp\/v2\/tnc_col_4201_item\/59013\/revisions"}],"predecessor-version":[{"id":72262,"href":"https:\/\/memoriamslufrgs.online\/tainacan\/wp-json\/wp\/v2\/tnc_col_4201_item\/59013\/revisions\/72262"}],"wp:featuredmedia":[{"embeddable":true,"href":"https:\/\/memoriamslufrgs.online\/tainacan\/wp-json\/wp\/v2\/media\/59025"}],"wp:attachment":[{"href":"https:\/\/memoriamslufrgs.online\/tainacan\/wp-json\/wp\/v2\/media?parent=59013"}],"curies":[{"name":"wp","href":"https:\/\/api.w.org\/{rel}","templated":true}]}}

Cópia digital de fotografia inauguração Bar Venezianos Nega Lú: um frenesi na maldita Porto Alegre
