{"id":68684,"date":"2024-03-11T21:23:37","date_gmt":"2024-03-12T00:23:37","guid":{"rendered":"https:\/\/memoriamslufrgs.online\/tainacan\/?post_type=tnc_col_4201_item&#038;p=68684"},"modified":"2024-03-16T17:59:36","modified_gmt":"2024-03-16T20:59:36","slug":"68684-2","status":"publish","type":"tnc_col_4201_item","link":"https:\/\/memoriamslufrgs.online\/tainacan\/pesquisa-e-extensao\/68684-2\/","title":{"rendered":"C\u00f3pia digital de texto expositivo da exposi\u00e7\u00e3o De Stonewall ao Nuances: 50 anos de a\u00e7\u00e3o"},"content":{"rendered":"","protected":false},"featured_media":68714,"parent":0,"menu_order":0,"comment_status":"closed","ping_status":"closed","template":"","format":"standard","class_list":["post-68684","tnc_col_4201_item","type-tnc_col_4201_item","status-publish","format-standard","has-post-thumbnail","hentry","tnc_tax_3325-curadoria-compartilhada-nuances-e-museologia-ufrgs"],"aioseo_notices":[],"_links":{"self":[{"href":"https:\/\/memoriamslufrgs.online\/tainacan\/wp-json\/wp\/v2\/tnc_col_4201_item\/68684","targetHints":{"allow":["GET"]}}],"collection":[{"href":"https:\/\/memoriamslufrgs.online\/tainacan\/wp-json\/wp\/v2\/tnc_col_4201_item"}],"about":[{"href":"https:\/\/memoriamslufrgs.online\/tainacan\/wp-json\/wp\/v2\/types\/tnc_col_4201_item"}],"replies":[{"embeddable":true,"href":"https:\/\/memoriamslufrgs.online\/tainacan\/wp-json\/wp\/v2\/comments?post=68684"}],"version-history":[{"count":2,"href":"https:\/\/memoriamslufrgs.online\/tainacan\/wp-json\/wp\/v2\/tnc_col_4201_item\/68684\/revisions"}],"predecessor-version":[{"id":72313,"href":"https:\/\/memoriamslufrgs.online\/tainacan\/wp-json\/wp\/v2\/tnc_col_4201_item\/68684\/revisions\/72313"}],"wp:featuredmedia":[{"embeddable":true,"href":"https:\/\/memoriamslufrgs.online\/tainacan\/wp-json\/wp\/v2\/media\/68714"}],"wp:attachment":[{"href":"https:\/\/memoriamslufrgs.online\/tainacan\/wp-json\/wp\/v2\/media?parent=68684"}],"curies":[{"name":"wp","href":"https:\/\/api.w.org\/{rel}","templated":true}]}}

Cópia digital de texto expositivo da exposição De Stonewall ao Nuances: 50 anos de ação
