{"id":69032,"date":"2024-03-12T09:37:54","date_gmt":"2024-03-12T12:37:54","guid":{"rendered":"https:\/\/memoriamslufrgs.online\/tainacan\/?post_type=tnc_col_4201_item&#038;p=69032"},"modified":"2024-03-12T13:04:34","modified_gmt":"2024-03-12T16:04:34","slug":"69032-2","status":"publish","type":"tnc_col_4201_item","link":"https:\/\/memoriamslufrgs.online\/tainacan\/pesquisa-e-extensao\/69032-2\/","title":{"rendered":"C\u00f3pia Digital de Fotografia da Exposi\u00e7\u00e3o Esta terra AINDA tem dono"},"content":{"rendered":"","protected":false},"featured_media":69037,"parent":0,"menu_order":0,"comment_status":"closed","ping_status":"closed","template":"","format":"standard","class_list":["post-69032","tnc_col_4201_item","type-tnc_col_4201_item","status-publish","format-standard","has-post-thumbnail","hentry","tnc_tax_3325-elias-palminor-machado"],"aioseo_notices":[],"_links":{"self":[{"href":"https:\/\/memoriamslufrgs.online\/tainacan\/wp-json\/wp\/v2\/tnc_col_4201_item\/69032","targetHints":{"allow":["GET"]}}],"collection":[{"href":"https:\/\/memoriamslufrgs.online\/tainacan\/wp-json\/wp\/v2\/tnc_col_4201_item"}],"about":[{"href":"https:\/\/memoriamslufrgs.online\/tainacan\/wp-json\/wp\/v2\/types\/tnc_col_4201_item"}],"replies":[{"embeddable":true,"href":"https:\/\/memoriamslufrgs.online\/tainacan\/wp-json\/wp\/v2\/comments?post=69032"}],"version-history":[{"count":2,"href":"https:\/\/memoriamslufrgs.online\/tainacan\/wp-json\/wp\/v2\/tnc_col_4201_item\/69032\/revisions"}],"predecessor-version":[{"id":69456,"href":"https:\/\/memoriamslufrgs.online\/tainacan\/wp-json\/wp\/v2\/tnc_col_4201_item\/69032\/revisions\/69456"}],"wp:featuredmedia":[{"embeddable":true,"href":"https:\/\/memoriamslufrgs.online\/tainacan\/wp-json\/wp\/v2\/media\/69037"}],"wp:attachment":[{"href":"https:\/\/memoriamslufrgs.online\/tainacan\/wp-json\/wp\/v2\/media?parent=69032"}],"curies":[{"name":"wp","href":"https:\/\/api.w.org\/{rel}","templated":true}]}}

Cópia Digital de Fotografia da Exposição Esta terra AINDA tem dono
