{"id":69615,"date":"2024-03-12T14:34:29","date_gmt":"2024-03-12T17:34:29","guid":{"rendered":"https:\/\/memoriamslufrgs.online\/tainacan\/?post_type=tnc_col_4201_item&#038;p=69615"},"modified":"2024-03-12T14:46:16","modified_gmt":"2024-03-12T17:46:16","slug":"copia-digital-de-texto-expositivo-da-exposicao-de-stonewall-ao-nuances-50-anos-de-acao-2","status":"publish","type":"tnc_col_4201_item","link":"https:\/\/memoriamslufrgs.online\/tainacan\/pesquisa-e-extensao\/copia-digital-de-texto-expositivo-da-exposicao-de-stonewall-ao-nuances-50-anos-de-acao-2\/","title":{"rendered":"C\u00f3pia digital de texto expositivo da exposi\u00e7\u00e3o  De Stonewall ao Nuances: 50 anos de a\u00e7\u00e3o"},"content":{"rendered":"","protected":false},"featured_media":69646,"parent":0,"menu_order":0,"comment_status":"closed","ping_status":"closed","template":"","format":"standard","class_list":["post-69615","tnc_col_4201_item","type-tnc_col_4201_item","status-publish","format-standard","has-post-thumbnail","hentry","tnc_tax_3325-curadoria-compartilhada-nuances-e-museologia-ufrgs"],"aioseo_notices":[],"_links":{"self":[{"href":"https:\/\/memoriamslufrgs.online\/tainacan\/wp-json\/wp\/v2\/tnc_col_4201_item\/69615","targetHints":{"allow":["GET"]}}],"collection":[{"href":"https:\/\/memoriamslufrgs.online\/tainacan\/wp-json\/wp\/v2\/tnc_col_4201_item"}],"about":[{"href":"https:\/\/memoriamslufrgs.online\/tainacan\/wp-json\/wp\/v2\/types\/tnc_col_4201_item"}],"replies":[{"embeddable":true,"href":"https:\/\/memoriamslufrgs.online\/tainacan\/wp-json\/wp\/v2\/comments?post=69615"}],"version-history":[{"count":1,"href":"https:\/\/memoriamslufrgs.online\/tainacan\/wp-json\/wp\/v2\/tnc_col_4201_item\/69615\/revisions"}],"predecessor-version":[{"id":69650,"href":"https:\/\/memoriamslufrgs.online\/tainacan\/wp-json\/wp\/v2\/tnc_col_4201_item\/69615\/revisions\/69650"}],"wp:featuredmedia":[{"embeddable":true,"href":"https:\/\/memoriamslufrgs.online\/tainacan\/wp-json\/wp\/v2\/media\/69646"}],"wp:attachment":[{"href":"https:\/\/memoriamslufrgs.online\/tainacan\/wp-json\/wp\/v2\/media?parent=69615"}],"curies":[{"name":"wp","href":"https:\/\/api.w.org\/{rel}","templated":true}]}}

Cópia digital de texto expositivo da exposição  De Stonewall ao Nuances: 50 anos de ação
