{"id":70849,"date":"2024-03-14T15:07:39","date_gmt":"2024-03-14T18:07:39","guid":{"rendered":"https:\/\/memoriamslufrgs.online\/tainacan\/?post_type=tnc_col_4201_item&#038;p=70849"},"modified":"2024-03-14T15:18:53","modified_gmt":"2024-03-14T18:18:53","slug":"copia-digital-de-fotografia-de-varal-de-jornal-da-exposicao-de-stonewall-ao-nuances-50-anos-de-acao-2","status":"publish","type":"tnc_col_4201_item","link":"https:\/\/memoriamslufrgs.online\/tainacan\/pesquisa-e-extensao\/copia-digital-de-fotografia-de-varal-de-jornal-da-exposicao-de-stonewall-ao-nuances-50-anos-de-acao-2\/","title":{"rendered":"C\u00f3pia digital de fotografia de varal de jornal da exposi\u00e7\u00e3o  De Stonewall ao Nuances: 50 anos de a\u00e7\u00e3o"},"content":{"rendered":"","protected":false},"featured_media":70865,"parent":0,"menu_order":0,"comment_status":"closed","ping_status":"closed","template":"","format":"standard","class_list":["post-70849","tnc_col_4201_item","type-tnc_col_4201_item","status-publish","format-standard","has-post-thumbnail","hentry","tnc_tax_3325-curadoria-compartilhada-nuances-e-museologia-ufrgs"],"aioseo_notices":[],"_links":{"self":[{"href":"https:\/\/memoriamslufrgs.online\/tainacan\/wp-json\/wp\/v2\/tnc_col_4201_item\/70849","targetHints":{"allow":["GET"]}}],"collection":[{"href":"https:\/\/memoriamslufrgs.online\/tainacan\/wp-json\/wp\/v2\/tnc_col_4201_item"}],"about":[{"href":"https:\/\/memoriamslufrgs.online\/tainacan\/wp-json\/wp\/v2\/types\/tnc_col_4201_item"}],"replies":[{"embeddable":true,"href":"https:\/\/memoriamslufrgs.online\/tainacan\/wp-json\/wp\/v2\/comments?post=70849"}],"version-history":[{"count":1,"href":"https:\/\/memoriamslufrgs.online\/tainacan\/wp-json\/wp\/v2\/tnc_col_4201_item\/70849\/revisions"}],"predecessor-version":[{"id":70929,"href":"https:\/\/memoriamslufrgs.online\/tainacan\/wp-json\/wp\/v2\/tnc_col_4201_item\/70849\/revisions\/70929"}],"wp:featuredmedia":[{"embeddable":true,"href":"https:\/\/memoriamslufrgs.online\/tainacan\/wp-json\/wp\/v2\/media\/70865"}],"wp:attachment":[{"href":"https:\/\/memoriamslufrgs.online\/tainacan\/wp-json\/wp\/v2\/media?parent=70849"}],"curies":[{"name":"wp","href":"https:\/\/api.w.org\/{rel}","templated":true}]}}

Cópia digital de fotografia de varal de jornal da exposição  De Stonewall ao Nuances: 50 anos de ação
