{"id":71426,"date":"2024-03-15T10:50:03","date_gmt":"2024-03-15T13:50:03","guid":{"rendered":"https:\/\/memoriamslufrgs.online\/tainacan\/?post_type=tnc_col_4201_item&#038;p=71426"},"modified":"2024-03-15T10:59:34","modified_gmt":"2024-03-15T13:59:34","slug":"copia-digital-fotografia-da-inauguracao-da-exposicao-de-stonewall-ao-nuances-50-anos-de-acao-2","status":"publish","type":"tnc_col_4201_item","link":"https:\/\/memoriamslufrgs.online\/tainacan\/pesquisa-e-extensao\/copia-digital-fotografia-da-inauguracao-da-exposicao-de-stonewall-ao-nuances-50-anos-de-acao-2\/","title":{"rendered":"C\u00f3pia digital fotografia da inaugura\u00e7\u00e3o da exposi\u00e7\u00e3o  De Stonewall ao Nuances: 50 anos de a\u00e7\u00e3o"},"content":{"rendered":"","protected":false},"featured_media":71442,"parent":0,"menu_order":0,"comment_status":"closed","ping_status":"closed","template":"","format":"standard","class_list":["post-71426","tnc_col_4201_item","type-tnc_col_4201_item","status-publish","format-standard","has-post-thumbnail","hentry","tnc_tax_3325-curadoria-compartilhada-nuances-e-museologia-ufrgs"],"aioseo_notices":[],"_links":{"self":[{"href":"https:\/\/memoriamslufrgs.online\/tainacan\/wp-json\/wp\/v2\/tnc_col_4201_item\/71426","targetHints":{"allow":["GET"]}}],"collection":[{"href":"https:\/\/memoriamslufrgs.online\/tainacan\/wp-json\/wp\/v2\/tnc_col_4201_item"}],"about":[{"href":"https:\/\/memoriamslufrgs.online\/tainacan\/wp-json\/wp\/v2\/types\/tnc_col_4201_item"}],"replies":[{"embeddable":true,"href":"https:\/\/memoriamslufrgs.online\/tainacan\/wp-json\/wp\/v2\/comments?post=71426"}],"version-history":[{"count":1,"href":"https:\/\/memoriamslufrgs.online\/tainacan\/wp-json\/wp\/v2\/tnc_col_4201_item\/71426\/revisions"}],"predecessor-version":[{"id":71487,"href":"https:\/\/memoriamslufrgs.online\/tainacan\/wp-json\/wp\/v2\/tnc_col_4201_item\/71426\/revisions\/71487"}],"wp:featuredmedia":[{"embeddable":true,"href":"https:\/\/memoriamslufrgs.online\/tainacan\/wp-json\/wp\/v2\/media\/71442"}],"wp:attachment":[{"href":"https:\/\/memoriamslufrgs.online\/tainacan\/wp-json\/wp\/v2\/media?parent=71426"}],"curies":[{"name":"wp","href":"https:\/\/api.w.org\/{rel}","templated":true}]}}

Cópia digital fotografia da inauguração da exposição  De Stonewall ao Nuances: 50 anos de ação
